 - 2?
4465
In base 4, what is 1020 + 3?
1023
In base 5, what is 31 + 10?
41
In base 8, what is -3 - -142?
137
In base 8, what is 2037 - 11?
2026
In base 5, what is -104433 + -1?
-104434
In base 5, what is -1002 - -221?
-231
In base 10, what is -75 - -12?
-63
In base 6, what is 225 + -4?
221
In base 5, what is -3 - -33?
30
In base 4, what is 12232 - 30?
12202
In base 10, what is 1 + -713?
-712
In base 15, what is -18 - -2d?
15
In base 4, what is 3 - -110211?
110220
In base 10, what is -5702 - 3?
-5705
In base 14, what is -b9 + 1?
-b8
In base 6, what is 2024 + 5?
2033
In base 4, what is 301 + -12?
223
In base 13, what is 0 - 26?
-26
In base 11, what is 3 + 90?
93
In base 11, what is -3 + 24?
21
In base 2, what is -110100001 - -10000?
-110010001
In base 15, what is -1 - 64?
-65
In base 2, what is 10100010 - -101?
10100111
In base 8, what is 2 - 17?
-15
In base 5, what is -2 - -10?
3
In base 8, what is 1262 + -4?
1256
In base 4, what is 223 - -311?
1200
In base 10, what is 5 + -2?
3
In base 16, what is -19 - -2?
-17
In base 6, what is 1053 + -1?
1052
In base 5, what is 3 - 302?
-244
In base 4, what is 10 + -122?
-112
In base 16, what is -4 + 59?
55
In base 14, what is 246 + -1?
245
In base 4, what is -101013 + 1?
-101012
In base 13, what is 3c - 3?
39
In base 7, what is -4552 - 4?
-4556
In base 16, what is -22c + -1?
-22d
In base 11, what is -93 - -8?
-86
In base 16, what is 1247 - 0?
1247
In base 11, what is 4 + 2478?
2481
In base 15, what is -a + -a8?
-b3
In base 9, what is 1 - 2774?
-2773
In base 14, what is 49 + a?
55
In base 16, what is c3 + 8?
cb
In base 7, what is 4220 - 5?
4212
In base 14, what is -18 + -b?
-25
In base 16, what is -957 - 2?
-959
In base 10, what is 120 - -16?
136
In base 4, what is -301311 + 11?
-301300
In base 2, what is -101 - -10101111?
10101010
In base 7, what is 1 - 542?
-541
In base 5, what is 4 + 13222?
13231
In base 11, what is -3 - -78?
75
In base 16, what is -1a - -27?
d
In base 15, what is 5 + -31?
-2b
In base 4, what is -1 - -230120?
230113
In base 15, what is -2 - 235?
-237
In base 6, what is -1211 + 2?
-1205
In base 14, what is 1 - -a60?
a61
In base 5, what is -12043 - 0?
-12043
In base 16, what is 4 - -2de?
2e2
In base 11, what is -3624 + -4?
-3628
In base 7, what is -11403 + 1?
-11402
In base 4, what is -3 + 102033?
102030
In base 10, what is 4 - -3273?
3277
In base 11, what is -17a - 0?
-17a
In base 11, what is -7 - 56?
-62
In base 3, what is 1202 + -1?
1201
In base 2, what is -101 + 11100?
10111
In base 16, what is 272 - 4?
26e
In base 15, what is 0 + -90?
-90
In base 7, what is 1366 + 1?
1400
In base 6, what is 53 - 10?
43
In base 8, what is 5 - -1?
6
In base 4, what is 3 - 1103?
-1100
In base 5, what is -10014 + -4?
-10023
In base 13, what is -1 + -8?
-9
In base 12, what is -13 + -3bb?
-412
In base 13, what is 1 - 2709?
-2708
In base 5, what is -124 - 12?
-141
In base 3, what is -11 + 100210?
100122
In base 10, what is -5 + -3110?
-3115
In base 3, what is 1 - 10110?
-10102
In base 5, what is 11 + 23311?
23322
In base 2, what is 11 - 111010011?
-111010000
In base 11, what is 16 + 12?
28
In base 4, what is 11013 + 130?
11203
In base 3, what is 1102 - -2?
1111
In base 3, what is 2110011 - -10?
2110021
In base 15, what is -167 - -4?
-163
In base 7, what is 442 - 0?
442
In base 11, what is 1 + -473?
-472
In base 11, what is 22 - 3?
1a
In base 5, what is -2 - -20130?
20123
In base 16, what is -17 + -107?
-11e
In base 15, what is 1 - -33?
34
In base 4, what is -123 - 3?
-132
In base 13, what is -bacc + 0?
-bacc
In base 16, what is 31 - 1b?
16
In base 7, what is 1224 + -1?
1223
In base 5, what is -1323 - -24?
-1244
In base 12, what is 0 + 32?
32
In base 3, what is 1012112 - 12?
1012100
In base 12, what is -1977 + -5?
-1980
In base 9, what is 1088 + -2?
1086
In base 13, what is -170 + -3?
-173
In base 14, what is -42 - 0?
-42
In base 6, what is 1533 + -40?
1453
In base 14, what is 40a - 0?
40a
In base 3, what is 22 + -2022?
-2000
In base 6, what is 112 + 110?
222
In base 14, what is 5 + 65?
6a
In base 10, what is 31 - -1?
32
In base 5, what is 1311112 + 10?
1311122
In base 13, what is -b0 + 0?
-b0
In base 11, what is -13 - 236?
-249
In base 8, what is -5 + -64?
-71
In base 12, what is -112 - 4?
-116
In base 4, what is -1 + -22200?
-22201
In base 5, what is -101433 - -1?
-101432
In base 4, what is 10302 - 11?
10231
In base 16, what is -7e + -a?
-88
In base 12, what is -48 + 4?
-44
In base 9, what is 1 - 46?
-45
In base 7, what is 10 + 46?
56
In base 12, what is -4 + -137?
-13b
In base 2, what is -100 - 1101011?
-1101111
In base 2, what is 1011 + 10100?
11111
In base 4, what is 223 + -1110?
-221
In base 2, what is 1 - 101110?
-101101
In base 16, what is -44 - -2?
-42
In base 11, what is -3 + aa?
a7
In base 9, what is 1 + 78?
80
In base 15, what is 2d1 + -5?
2cb
In base 10, what is -5 - 28?
-33
In base 11, what is a - 286?
-277
In base 7, what is -313 + 20?
-263
In base 6, what is -4 - -1?
-3
In base 13, what is -6207 - 3?
-620a
In base 3, what is 11212212 - -12?
11220001
In base 16, what is c - 12?
-6
In base 16, what is 0 + -8c?
-8c
In base 8, what is 2 + 1063?
1065
In base 5, what is -4134 + -10?
-4144
In base 4, what is -1 + -11301?
-11302
In base 6, what is -12003 - 0?
-12003
In base 2, what is 101 - 1011110?
-1011001
In base 3, what is -121201 - -2?
-121122
In base 15, what is -5 + 40b?
406
In base 11, what is 6a3 + -1?
6a2
In base 15, what is b - 10?
-4
In base 15, what is -41a - -a?
-410
In base 14, what is -db + -11?
-10c
In base 6, what is -50 + -30?
-120
In base 2, what is 1101010001 + 10010?
1101100011
In base 10, what is -5 - -2370?
2365
In base 4, what is 321 - -2?
323
In base 12, what is -1 + -66?
-67
In base 3, what is -11210 + 1112?
-10021
In base 4, what is 23032 - -30?
23122
In base 12, what is b9 - -6?
103
In base 3, what is -112120 - -2?
-112111
In base 4, what is -1213 - -3?
-1210
In base 6, what is -4 - 21422?
-21430
In base 2, what is 11 - -10100000?
10100011
In base 8, what is 41 - -22?
63
In base 11, what is -81 - 0?
-81
In base 15, what is 0 + -3d3?
-3d3
In base 11, what is 30 + 0?
30
In base 14, what is 344 + -5?
33d
In base 4, what is 12322 - -2?
12330
In base 3, what is 0 - 101?
-101
In base 15, what is -1 - 241?
-242
In base 13, what is 1 + -383?
-382
In base 8, what is 1212 + 2?
1214
In base 2, what is 11001000101 - -101?
11001001010
In base 3, what is -11 - 1102102?
-1102120
In base 13, what is -51 - -3?
-4b
In base 14, what is 0 - -64?
64
In base 4, what is -3 - 11133?
-11202
In base 14, what is 4 + -65?
-61
In base 3, what is -120 - -101?
-12
In base 8, what is 207 + 10?
217
In base 6, what is 2111 + -1?
2110
In base 12, what is 27a - -1?
27b
In base 16, what is 1 - 1e?
-1d
In base 2, what is -100 + 1011100110?
1011100010
In base 13, what is -12b16 - 2?
-12b18
In base 13, what is -3260 - 1?
-3261
In base 12, what is -2 - -65?
63
In base 13, what is 4 - 467?
-463
In base 11, what is 2 + 82?
84
In base 12, what is -15a - -2?
-158
In base 4, what is -101321 - 3?
-101330
In base 16, what is -12 - -1?
-11
In base 10, what is -12 + 11?
-1
In base 15, what is 28 + 9?
32
In base 5, what is 0 + -440?
-440
In base 4, what is 30 - 10?
20
In base 7, what is 1553 - -22?
1605
In base 15, what is 2 - 11?
-e
In base 13, what is b21 - -5?
b26
In base 15, what is 30dd - -2?
30e0
In base 6, what is -35 + -50?
-125
In base 14, what is 0 + -42?
-42
In base 10, what is -187 - -21?
-166
In base 13, what is -a - -b?
1
In base 13, what is 136 - 1?
135
In base 9, what is 3 - -1515?
1518
In base 14, what is 2b5 - 1?
2b4
In base 15, what is 45 + -1e?
26
In base 15, what is -b + -2b3?
-2be
In base 7, what is 1363 + -1?
1362
In base 12, what is -3725 + -2?
-3727
In base 14, what is -14 + 41?
2b
In base 3, what is -1 - -2000122?
2000121
In base 6, what is 14 - 215?
-201
In base 5, what is 2 - -3113?
3120
In base 13, what is 0 - -15?
15
In base 7, what is 5501 + -4?
5464
In base 13, what is 3 + -41c?
-419
In base 13, what is -388 + -14?
-39c
In base 5, what is 243 - 112?
131
In base 7, what is 1 - 53?
-52
In base 5, what is 304434 + 1?
304440
In base 5, what is 0 + -120?
-120
In base 8, what is -4 - 35?
-41
In base 11, what is 906 + -2?
904
In base 8, what is 74 - 13?
61
In base 2, what is -100100 - 1001?
-